{"version":"1.0","type":"rich","width":"560px","height":"140px","title":"Tapas in Madrid - Im Gespr\u00e4ch mit Justus R\u00f6meth und Andr\u00e9 Kahle","url":"https:\/\/podcast.brennpunkt-orange.de\/tapas-in-madrid\/","author_name":"BRENNPUNKT-ORANGE.DE - Der Podcast mit gro\u00dfer Fu\u00dfballleidenschaft, vielen Vereinsgeschichten und spannenden Kurvengespr\u00e4chen.","author_url":"https:\/\/podcast.brennpunkt-orange.de","thumbnail_url":"https:\/\/podcast.brennpunkt-orange.de\/wp-content\/uploads\/2025\/08\/2025-09-02-Podcast-Logo.png","html":"<iframe width=\"560px\" height=\"140px\" src=\"https:\/\/podcast.brennpunkt-orange.de\/tapas-in-madrid\/?standalonePlayer\"><\/iframe>"}

Tapas in Madrid - Im Gespräch mit Justus Römeth und André Kahle

BRENNPUNKT-ORANGE.DE - Der Podcast mit großer Fußballleidenschaft, vielen Vereinsgeschichten und spannenden Kurvengesprächen.
