{"version":"1.0","type":"rich","width":"560px","height":"140px","title":"Trauer und Fu\u00dfball","url":"https:\/\/podcast.brennpunkt-orange.de\/92-trauer-und-fussball\/","author_name":"BRENNPUNKT-ORANGE.DE - Der Podcast mit gro\u00dfer Fu\u00dfballleidenschaft, vielen Vereinsgeschichten und spannenden Kurvengespr\u00e4chen.","author_url":"https:\/\/podcast.brennpunkt-orange.de","thumbnail_url":"https:\/\/podcast.brennpunkt-orange.de\/wp-content\/uploads\/2020\/09\/Facebook_Podcast_Orange-92.png","html":"<iframe width=\"560px\" height=\"140px\" src=\"https:\/\/podcast.brennpunkt-orange.de\/92-trauer-und-fussball\/?standalonePlayer\"><\/iframe>"}

Trauer und Fußball

BRENNPUNKT-ORANGE.DE - Der Podcast mit großer Fußballleidenschaft, vielen Vereinsgeschichten und spannenden Kurvengesprächen.
