{"version":"1.0","type":"rich","width":"560px","height":"140px","title":"Im Gespr\u00e4ch mit Hardy Gr\u00fcne","url":"https:\/\/podcast.brennpunkt-orange.de\/91-tourdostalgie\/","author_name":"BRENNPUNKT-ORANGE.DE - Der Podcast mit gro\u00dfer Fu\u00dfballleidenschaft, vielen Vereinsgeschichten und spannenden Kurvengespr\u00e4chen.","author_url":"https:\/\/podcast.brennpunkt-orange.de","thumbnail_url":"https:\/\/podcast.brennpunkt-orange.de\/wp-content\/uploads\/2020\/09\/Facebook_Podcast_Orange-91-Hardy_Gruene_www.png","html":"<iframe width=\"560px\" height=\"140px\" src=\"https:\/\/podcast.brennpunkt-orange.de\/91-tourdostalgie\/?standalonePlayer\"><\/iframe>"}

Im Gespräch mit Hardy Grüne

BRENNPUNKT-ORANGE.DE - Der Podcast mit großer Fußballleidenschaft, vielen Vereinsgeschichten und spannenden Kurvengesprächen.
