{"version":"1.0","type":"rich","width":"560px","height":"140px","title":"Historisches zum Saisonauftakt - Aufstiegskandidat, Stand jetzt!","url":"https:\/\/podcast.brennpunkt-orange.de\/9-historisches-zum-saisonauftakt\/","author_name":"BRENNPUNKT-ORANGE.DE - Der Podcast mit gro\u00dfer Fu\u00dfballleidenschaft, vielen Vereinsgeschichten und spannenden Kurvengespr\u00e4chen.","author_url":"https:\/\/podcast.brennpunkt-orange.de","thumbnail_url":"https:\/\/podcast.brennpunkt-orange.de\/wp-content\/uploads\/2018\/08\/2018-08-05-Gera-00756.png","html":"<iframe width=\"560px\" height=\"140px\" src=\"https:\/\/podcast.brennpunkt-orange.de\/9-historisches-zum-saisonauftakt\/?standalonePlayer\"><\/iframe>"}

BRENNPUNKT-ORANGE.DE - Der Podcast mit großer Fußballleidenschaft, vielen Vereinsgeschichten und spannenden Kurvengesprächen.
