{"version":"1.0","type":"rich","width":"560px","height":"140px","title":"Die TFV-Entscheidung in der Diskussion - Felix B\u00f6hm (FuPa Th\u00fcringen), Tobias Busse (FC An der Fahner H\u00f6he), Jan Genseke (BSG Wismut Gera), Marco Nagy (SV Jena-Zw\u00e4tzen) und Danny [BRENNPUNKT-ORANGE.DE)","url":"https:\/\/podcast.brennpunkt-orange.de\/79-hoffnung-auf-einen-dialog\/","author_name":"BRENNPUNKT-ORANGE.DE - Der Podcast mit gro\u00dfer Fu\u00dfballleidenschaft, vielen Vereinsgeschichten und spannenden Kurvengespr\u00e4chen.","author_url":"https:\/\/podcast.brennpunkt-orange.de","thumbnail_url":"https:\/\/podcast.brennpunkt-orange.de\/wp-content\/uploads\/2020\/05\/2018-05-21-Erfurt-21158.png","html":"<iframe width=\"560px\" height=\"140px\" src=\"https:\/\/podcast.brennpunkt-orange.de\/79-hoffnung-auf-einen-dialog\/?standalonePlayer\"><\/iframe>"}

Die TFV-Entscheidung in der Diskussion - Felix Böhm (FuPa Thüringen), Tobias Busse (FC An der Fahner Höhe), Jan Genseke (BSG Wismut Gera), Marco Nagy (SV Jena-Zwätzen) und Danny [BRENNPUNKT-ORANGE.DE)

BRENNPUNKT-ORANGE.DE - Der Podcast mit großer Fußballleidenschaft, vielen Vereinsgeschichten und spannenden Kurvengesprächen.
