{"version":"1.0","type":"rich","width":"560px","height":"140px","title":"#69 | HALTET ZUSAMMEN!","url":"https:\/\/podcast.brennpunkt-orange.de\/69-haltet-zusammen\/","author_name":"BRENNPUNKT-ORANGE.DE - Der Podcast mit gro\u00dfer Fu\u00dfballleidenschaft, vielen Vereinsgeschichten und spannenden Kurvengespr\u00e4chen.","author_url":"https:\/\/podcast.brennpunkt-orange.de","thumbnail_url":"https:\/\/podcast.brennpunkt-orange.de\/wp-content\/uploads\/2020\/03\/2020-02-29-Gera-www00037a.png","html":"<iframe width=\"560px\" height=\"140px\" src=\"https:\/\/podcast.brennpunkt-orange.de\/69-haltet-zusammen\/?standalonePlayer\"><\/iframe>"}

BRENNPUNKT-ORANGE.DE - Der Podcast mit großer Fußballleidenschaft, vielen Vereinsgeschichten und spannenden Kurvengesprächen.
