{"version":"1.0","type":"rich","width":"560px","height":"140px","title":"#263 | Das Rote Graz und die Europameisterschaft - Im Gespr\u00e4ch mit GAK-Fan Matthias Medardt ","url":"https:\/\/podcast.brennpunkt-orange.de\/263-em-oesterreich-1\/","author_name":"BRENNPUNKT-ORANGE.DE - Der Podcast mit gro\u00dfer Fu\u00dfballleidenschaft, vielen Vereinsgeschichten und spannenden Kurvengespr\u00e4chen.","author_url":"https:\/\/podcast.brennpunkt-orange.de","thumbnail_url":"https:\/\/podcast.brennpunkt-orange.de\/wp-content\/uploads\/2024\/05\/263-Quadrat-EM-Austria-GAK.png","html":"<iframe width=\"560px\" height=\"140px\" src=\"https:\/\/podcast.brennpunkt-orange.de\/263-em-oesterreich-1\/?standalonePlayer\"><\/iframe>"}

#263 | Das Rote Graz und die Europameisterschaft - Im Gespräch mit GAK-Fan Matthias Medardt

BRENNPUNKT-ORANGE.DE - Der Podcast mit großer Fußballleidenschaft, vielen Vereinsgeschichten und spannenden Kurvengesprächen.
