{"version":"1.0","type":"rich","width":"560px","height":"140px","title":"#229 | Familie. Fu\u00dfball. Die Wochenendrebellen. - Im Gespr\u00e4ch mit Jason und Mirco von Juterczenka","url":"https:\/\/podcast.brennpunkt-orange.de\/229-familie-fussball-die-wochenendrebellen\/","author_name":"BRENNPUNKT-ORANGE.DE - Der Podcast mit gro\u00dfer Fu\u00dfballleidenschaft, vielen Vereinsgeschichten und spannenden Kurvengespr\u00e4chen.","author_url":"https:\/\/podcast.brennpunkt-orange.de","thumbnail_url":"https:\/\/podcast.brennpunkt-orange.de\/wp-content\/uploads\/2023\/09\/230-Quadrat-Wochenendrebellen.png","html":"<iframe width=\"560px\" height=\"140px\" src=\"https:\/\/podcast.brennpunkt-orange.de\/229-familie-fussball-die-wochenendrebellen\/?standalonePlayer\"><\/iframe>"}

#229 | Familie. Fußball. Die Wochenendrebellen. - Im Gespräch mit Jason und Mirco von Juterczenka

BRENNPUNKT-ORANGE.DE - Der Podcast mit großer Fußballleidenschaft, vielen Vereinsgeschichten und spannenden Kurvengesprächen.
