{"version":"1.0","type":"rich","width":"560px","height":"140px","title":"#182 | Friede den H\u00fctten! Krieg den Pal\u00e4sten! - Im Gespr\u00e4ch mit Raphael Molter","url":"https:\/\/podcast.brennpunkt-orange.de\/182-friede-den-huetten-krieg-den-palaesten\/","author_name":"BRENNPUNKT-ORANGE.DE - Der Podcast mit gro\u00dfer Fu\u00dfballleidenschaft, vielen Vereinsgeschichten und spannenden Kurvengespr\u00e4chen.","author_url":"https:\/\/podcast.brennpunkt-orange.de","thumbnail_url":"https:\/\/podcast.brennpunkt-orange.de\/wp-content\/uploads\/2022\/09\/180-Quadrat.png","html":"<iframe width=\"560px\" height=\"140px\" src=\"https:\/\/podcast.brennpunkt-orange.de\/182-friede-den-huetten-krieg-den-palaesten\/?standalonePlayer\"><\/iframe>"}

#182 | Friede den Hütten! Krieg den Palästen! - Im Gespräch mit Raphael Molter

BRENNPUNKT-ORANGE.DE - Der Podcast mit großer Fußballleidenschaft, vielen Vereinsgeschichten und spannenden Kurvengesprächen.
