{"version":"1.0","type":"rich","width":"560px","height":"140px","title":"Glotze aus, Stadion an! - Tag der Amateure in Gera","url":"https:\/\/podcast.brennpunkt-orange.de\/14-glotze-aus-stadion-an\/","author_name":"BRENNPUNKT-ORANGE.DE - Der Podcast mit gro\u00dfer Fu\u00dfballleidenschaft, vielen Vereinsgeschichten und spannenden Kurvengespr\u00e4chen.","author_url":"https:\/\/podcast.brennpunkt-orange.de","thumbnail_url":"https:\/\/podcast.brennpunkt-orange.de\/wp-content\/uploads\/2018\/10\/2018-09-16-Gera-00448.png","html":"<iframe width=\"560px\" height=\"140px\" src=\"https:\/\/podcast.brennpunkt-orange.de\/14-glotze-aus-stadion-an\/?standalonePlayer\"><\/iframe>"}

BRENNPUNKT-ORANGE.DE - Der Podcast mit großer Fußballleidenschaft, vielen Vereinsgeschichten und spannenden Kurvengesprächen.
