{"version":"1.0","type":"rich","width":"560px","height":"140px","title":"Gerhardt Hoppe - Der Europacupfinalist aus Gera-S\u00fcd - Podcast mit Gerhardt Hoppe","url":"https:\/\/podcast.brennpunkt-orange.de\/135-gerhardt-hoppe\/","author_name":"BRENNPUNKT-ORANGE.DE - Der Podcast mit gro\u00dfer Fu\u00dfballleidenschaft, vielen Vereinsgeschichten und spannenden Kurvengespr\u00e4chen.","author_url":"https:\/\/podcast.brennpunkt-orange.de","thumbnail_url":"https:\/\/podcast.brennpunkt-orange.de\/wp-content\/uploads\/2021\/09\/135-Quadrat.png","html":"<iframe width=\"560px\" height=\"140px\" src=\"https:\/\/podcast.brennpunkt-orange.de\/135-gerhardt-hoppe\/?standalonePlayer\"><\/iframe>"}

Gerhardt Hoppe - Der Europacupfinalist aus Gera-Süd - Podcast mit Gerhardt Hoppe

BRENNPUNKT-ORANGE.DE - Der Podcast mit großer Fußballleidenschaft, vielen Vereinsgeschichten und spannenden Kurvengesprächen.
