{"version":"1.0","type":"rich","width":"560px","height":"140px","title":"#113 | Vern\u00fcnftig unvern\u00fcnftig: Anna Bl\u00e4sse - Profifu\u00dfballerin Anna Bl\u00e4sse im Interview","url":"https:\/\/podcast.brennpunkt-orange.de\/113-anna-blaesse-vernuenftig-unvernuenftig\/","author_name":"BRENNPUNKT-ORANGE.DE - Der Podcast mit gro\u00dfer Fu\u00dfballleidenschaft, vielen Vereinsgeschichten und spannenden Kurvengespr\u00e4chen.","author_url":"https:\/\/podcast.brennpunkt-orange.de","thumbnail_url":"https:\/\/podcast.brennpunkt-orange.de\/wp-content\/uploads\/2021\/03\/113-Quadrat.png","html":"<iframe width=\"560px\" height=\"140px\" src=\"https:\/\/podcast.brennpunkt-orange.de\/113-anna-blaesse-vernuenftig-unvernuenftig\/?standalonePlayer\"><\/iframe>"}

#113 | Vernünftig unvernünftig: Anna Blässe - Profifußballerin Anna Blässe im Interview

BRENNPUNKT-ORANGE.DE - Der Podcast mit großer Fußballleidenschaft, vielen Vereinsgeschichten und spannenden Kurvengesprächen.
